 be 3/(-4) - (-22)/p. Suppose -k*r - 3*s + 11 = -134, -4*r + 2*s = -298. Is r prime?
False
Suppose 3*q - 231 = 261. Suppose m - 5*s - q = 0, -5*s + 283 = 6*m - 4*m. Is m composite?
False
Let j be -107 - -2 - (2 - 0). Let w = j + 226. Is w composite?
True
Suppose -t + 2391 = 4*d, -4*d + 5*t + 3359 = 986. Is d a composite number?
True
Suppose 5*c + 3*m = 1892, -3*c + 4*m = 2*c - 1899. Is c a composite number?
False
Let v = 337 + 60. Suppose -m = 5*o - v - 860, -m - 751 = -3*o. Is o a composite number?
False
Let m be (4/(-6))/((-1)/3). Suppose 0 = -d + l - 5*l + 75, -m*l + 2 = 0. Is d prime?
True
Let b(j) be the third derivative of j**5/30 + 11*j**4/24 + 5*j**3/6 - 3*j**2. Let f be b(-7). Is (f/(-4))/((-2)/4) prime?
True
Suppose -319 = r - 2*r. Is r a prime number?
False
Suppose 2*f = 7*f + m - 1018, 2*f - 412 = 2*m. Let z = 299 - f. Is z a composite number?
True
Suppose 0 = -5*h + h + 2164. Is h prime?
True
Let i be (0 + -1)*-1 + 1. Suppose 0 = t - i*t + 58. Is t a prime number?
False
Let x(b) = b**2 + 9*b + 11. Let c be x(-6). Suppose 2*v = -0*v + d - 8, 0 = -4*d - 16. Is c/((-21)/v) - -15 composite?
False
Suppose 12 = -3*h + 486. Is h a composite number?
True
Let c = 327 + 92. Is c a composite number?
False
Suppose -3*l - 4*p + 177 = -49, -3*p - 97 = -l. Let y = l - -135. Suppose -5*v = -v + 3*w - y, 5*v - 272 = -3*w. Is v prime?
False
Suppose 5*i + 0 = -5. Is (-3)/(i - 2) + 118 prime?
False
Suppose 0 = 4*i + i - 25. Let f(c) = c - 2. Let a be f(i). Suppose n + t + 106 = a*n, 4*n = t + 208. Is n a prime number?
False
Suppose -2*g = -5*p + 1209 - 156, 635 = 3*p + 2*g. Is p prime?
True
Suppose -4*w - 46 = 4*k + k, 3*w + 18 = -k. Let u = k + 29. Is u composite?
False
Suppose 8961 = 5*c - 10004. Is c a prime number?
True
Let m be (-33)/(-5) + (-4)/(-10). Suppose 7*p + m = g + 2*p, 2*p = -3*g + 38. Suppose 3*c = -5*b + 186, -c - g = 3*c. Is b a prime number?
False
Let f be 2/3*21/(-14). Is ((-635)/10)/(f/2) prime?
True
Let p(q) = -q**2 - q - 68. Let n be p(0). Let z = n + 189. Is z prime?
False
Suppose -16*c = -12*c - 7964. Is c composite?
True
Let j(x) = x + 102. Let b be j(0). Suppose -4*o + 5*u - 118 = 45, 5*u = 15. Let w = b + o. Is w a composite number?
True
Suppose 0*f - 4*f = -152. Suppose -z + 9 = -f. Is z a prime number?
True
Let k(q) = q + 14. Let x be k(-10). Let d be x*(-1)/((-4)/643). Suppose 97 = 4*j - d. Is j composite?
True
Let j(w) = w + 2. Let v be j(-5). Let s be v/6 + (-1)/(-2). Let a = s + 9. Is a prime?
False
Let p = 650 - 157. Is p a composite number?
True
Let r(f) be the second derivative of 17*f**6/720 - f**4/6 - f. Let i(u) be the third derivative of r(u). Is i(2) a prime number?
False
Let s(f) = f**3 + 9*f**2 - 5*f - 3. Let z be s(-8). Let d be 772/12 - (-1)/(-3). Suppose -z - d = -5*q. Is q a composite number?
True
Let m(u) = 320*u - 37. Is m(10) prime?
True
Suppose 5*d = -4*c + 30, 5*c - 2*d - 9 = 12. Let k(x) = -x + 7. Let b be k(c). Suppose 0 = 3*o - b*p + p - 36, 0 = 3*p - 9. Is o prime?
True
Let a(p) = -p**3 + 25*p**2 - 2*p - 29. Let n(m) = -2*m**3 + 49*m**2 - 4*m - 57. Let u(b) = -11*a(b) + 6*n(b). Is u(18) composite?
True
Let l(k) be the second derivative of 5*k**3/6 - 13*k**2 + 8*k. Is l(12) prime?
False
Suppose 2*c = 5*k - 3539, 5*c = -4*k - 1459 + 4310. Is k prime?
True
Is -1468*(95/(-20) + 3) a composite number?
True
Suppose 0 = -5*l - 2*u + 27, 5*l + u + 4*u - 30 = 0. Suppose l = 2*p - 5. Suppose -2*k + 157 = k + t, 3*k - p*t = 169. Is k prime?
True
Let v be (16/(-10))/2*-5. Is v*3/(18/39) composite?
True
Suppose -3*n + n - 12 = 0. Let u be 1/(-4) + (-18)/(-8). Is u*(0 + (-237)/n) a prime number?
True
Let v(y) = 78*y**2 - y + 2. Is v(1) a prime number?
True
Let r = -126 - -211. Is r prime?
False
Suppose 2*m + 876 = 4*k, -2*k + 3*k - 219 = m. Let j = -154 + k. Is j prime?
False
Suppose -2*d + 4*m - 516 = -m, 5*d + 3*m + 1290 = 0. Let j = -704 - d. Is j/(-18) + (-8)/(-36) a prime number?
False
Suppose 0 = 3*d + 2*m - m - 214, -3*m = 3*d - 216. Suppose -d = -3*p + 40. Is p a prime number?
True
Suppose 0*g + 2*g - 360 = -4*o, 0 = 2*o - g - 176. Is o a composite number?
False
Suppose 20*r - 19*r = 541. Is r prime?
True
Let y be 173*(0 + -1) - -2. Let w = 258 + y. Is w a prime number?
False
Is 6/9*339/2 prime?
True
Is (0 - (3 + -5)) + 329 a composite number?
False
Let m(j) be the first derivative of -31*j**2/2 - 5*j + 2. Is m(-4) a prime number?
False
Let a be (-3)/2*(-88)/3. Suppose -3*y = a - 401. Is y a composite number?
True
Let w = -439 + 848. Is w prime?
True
Let k = 4 + -4. Suppose 3*j - 2*h + 4 = k, 2*h = -4*j + 7 + 11. Suppose -3*q - 73 = -5*t, 0 = 3*t - j*t + q - 13. Is t composite?
True
Suppose -5*t + 174 + 196 = 0. Is t a prime number?
False
Let j(a) = a**2 - 2*a**2 + 21*a + 4 - 2 + 1. Is j(11) a prime number?
True
Suppose 2 = 2*a, 3*a + 1 = -3*n - 5. Is n*1 + (3 - -233) prime?
True
Let j be (18/(-5))/(3/(-10)). Suppose 2*q - j = -q. Suppose 2*t = -t - i + 381, 2*t - 254 = -q*i. Is t a prime number?
True
Suppose -5 + 0 = 4*r + 5*a, -2*a + 10 = 4*r. Let s be 10/r - (-2 + -18). Suppose -s = 4*c - 162. Is c a composite number?
True
Suppose -716 = -5*i + 299. Is i a composite number?
True
Let d = -491 - -996. Is d a composite number?
True
Let r(l) = -6*l**3 - 2*l**2 - 5*l - 10. Is r(-3) a prime number?
True
Suppose -3*h + 1147 = -2*c + c, 0 = -5*h - 3*c + 1907. Suppose -h = 2*z - 4*z. Is z composite?
False
Let z = 752 - 445. Is z composite?
False
Let o be (3 - 3) + 2 - 4. Let q = o - -473. Is q a composite number?
True
Let j be 6147/(-6)*(-2)/3. Suppose 5*n - v - 692 = 0, -5*n - 4*v = -j - 24. Is n prime?
True
Let a(u) = -34*u - 3. Is a(-10) prime?
True
Let n(u) = 36*u - 5. Let f be (-3)/(-12) - (-46)/8. Is n(f) prime?
True
Let u = 1193 - -1944. Is u composite?
False
Let f = -39 - -124. Is f composite?
True
Suppose 39164 = 22*h - 18*h. Is h composite?
False
Is 981/21 + 2/7 prime?
True
Let u(a) = a + 1. Let w(l) be the first derivative of -5*l**4/4 + l**3 - l**2/2 - 3*l + 2. Let n(y) = 4*u(y) + w(y). Is n(-2) a composite number?
False
Let u(n) = 3*n**2 + 8*n - 2. Let i(f) = -10*f**2 - 25*f + 6. Let y = 3 - 1. Let d(x) = y*i(x) + 7*u(x). Is d(-9) prime?
False
Let n(z) = -3*z**3 - 7*z**2 - 4*z + 4. Let d be n(-4). Let x = 148 - d. Suppose 5*a - 2*v - x = 0, 0 = -2*a - 4*v + 15 + 9. Is a prime?
False
Suppose 6*h + 2335 = 7*h. Is h composite?
True
Let h(j) = 5 - 4*j - 3*j - 4*j - 2. Is h(-8) a composite number?
True
Let x(q) = 2*q**2 + 2*q + 491. Is x(0) prime?
True
Let s(f) = f + 1. Let b(z) = 7*z + 15. Let a(q) = -b(q) + 5*s(q). Let u be a(-7). Suppose d = 3*n - 115, u*n = -0*d + 2*d + 156. Is n composite?
False
Let n(y) = -4*y**3 + y**2 + 6*y + 14. Is n(-5) prime?
True
Let w(m) = 3*m - 17. Let q be w(7). Suppose -q*l = 4*a - 1572, -l + a = l - 798. Is l composite?
False
Let d = 7 - 6. Let h be d/(((-2)/(-118))/(-1)). Let f = h + 82. Is f composite?
False
Let m(a) = -10*a**3 + 7*a**2 + 13*a - 7. Is m(-6) prime?
False
Let s be (-9)/(2 + 1) + 305. Let t = -175 + s. Is t a prime number?
True
Let o = 1469 - 966. Is o composite?
False
Let j(r) = r + 13*r**2 - 3*r + 8*r - 5 + 3*r. Is j(4) composite?
False
Let u(i) be the second derivative of -i**3 - i**2/2 + 4*i. Is u(-8) a prime number?
True
Let j be (2 - (2 - 1)) + -2. Is (-1 + 0)/j - -126 a composite number?
False
Let f = 72 - -17. Let c(l) = 2*l**3 + l**2. Let o be c(1). Suppose 0*b - f = -o*z + 2*b, -2*z + 3*b + 56 = 0. Is z a prime number?
True
Let o(t) = 7*t**3 - 7*t**2 + 31. Let r(x) = -3*x**3 + 4*x**2 - 15. Let b(g) = 4*o(g) + 9*r(g). Is b(-7) a prime number?
False
Let h = -6 - -11. Let b = h + 0. Suppose 0 = n - b*c - 141, -530 = -5*n + n + 3*c. Is n composite?
False
Is (-1046)/(-8) - 11/(-44) prime?
True
Let a = -62 + 122. Let c = -41 + a. Is c composite?
False
Let g be (-11)/(-4) - 1/(-4). Suppose -2*s - 10 = g*s. Is s + (0 - 0) - -8 a prime number?
False
Let h(y) = -4 - y**2 + 5*y**2 + 7*y - 2*y. Is h(-7) a prime number?
True
Let o = -89 + 32. Let f = o - -96. Suppose -2*h + f - 10 = q, -3*q = h - 62. Is q prime?
True
Let u(x) be the second derivative of x**4/12 + x**3/6 + 4*x**2 - x. Is u(-6) a composite number?
True
Let m = 0 + 0. Suppose 0 = -3*k - 3*x + 612, 2*k + m*x - 5*x = 401. Is k prime?
False
Suppose 262 = 2*g - 4*q, 842 = 5*g - 3*q + 208